?
11267b88
In base 13, what is 1 + -5201738?
-5201737
In base 4, what is 200201202 + 132?
200202000
In base 5, what is -201 + -10023444?
-10024200
In base 6, what is -1311 + -22350402?
-22352113
In base 5, what is -2 + -2012144034?
-2012144041
In base 4, what is 212122 + 210101?
1022223
In base 6, what is -3035034 - -14335?
-3020255
In base 8, what is 1 - 672275356?
-672275355
In base 9, what is 18 + 51462865?
51462884
In base 7, what is 115113444 - 1?
115113443
In base 8, what is -4363305 + -20?
-4363325
In base 11, what is 264 + 6a157?
6a410
In base 4, what is 3 - 2330220313022?
-2330220313013
In base 5, what is -1310121114 - 20?
-1310121134
In base 5, what is -1 + 14322113?
14322112
In base 4, what is -30 - 23232002232?
-23232002322
In base 4, what is 31202332 - -323?
31203321
In base 6, what is 442115352 + -11?
442115341
In base 14, what is -10 + 2454?
2444
In base 7, what is 466624536 - 3?
466624533
In base 14, what is aa29 + -2a2d?
7dda
In base 15, what is 75da + -2067?
5573
In base 7, what is 53534350 - -22?
53534402
In base 11, what is 5a17179 - 0?
5a17179
In base 5, what is -40 + 3222211443?
3222211403
In base 2, what is -10011100 - 10100001100011?
-10100011111111
In base 12, what is -1246 + 10332?
b0a8
In base 15, what is -4 - 3e6168?
-3e616c
In base 15, what is 41e8d9d8 - 1?
41e8d9d7
In base 13, what is 3c - -139a?
1409
In base 15, what is 1 + -353cd08?
-353cd07
In base 13, what is -5 + -957b954?
-957b959
In base 6, what is -1524 + -10542144?
-10544112
In base 3, what is 120121120002001 + 2?
120121120002010
In base 14, what is -8a41d - -2?
-8a41b
In base 13, what is -5 - 44ca451?
-44ca456
In base 14, what is 31d91a4 + 5?
31d91a9
In base 5, what is -12 - 1100303324?
-1100303341
In base 16, what is e8 - 160e8b?
-160da3
In base 10, what is 64448 - -6883?
71331
In base 4, what is 23131321012 - 23?
23131320323
In base 7, what is 4651033 - 115?
4650615
In base 11, what is -178 - 56aa?
-5877
In base 14, what is -4 - 19b041a7?
-19b041ab
In base 9, what is 12 - -3157704?
3157716
In base 12, what is 7a947 + -139b?
79568
In base 11, what is 1688377a + 2?
16883781
In base 16, what is -3f62c - -1?
-3f62b
In base 3, what is -12011012201201 - -12?
-12011012201112
In base 12, what is -3 - -29a5a2?
29a59b
In base 7, what is -4 - 1454234?
-1454241
In base 2, what is 10010000001111011010 - 1011?
10010000001111001111
In base 13, what is -167a - 1a121?
-1b79b
In base 8, what is -4 - 77172012?
-77172016
In base 13, what is -9ac - 376?
-1055
In base 10, what is -5 + 6454725?
6454720
In base 6, what is -114 + -22111055?
-22111213
In base 11, what is -aaa3450 - -1?
-aaa344a
In base 6, what is -112341530 + -13?
-112341543
In base 11, what is -516 - -13041?
12626
In base 3, what is -202000121220 + 202?
-202000121011
In base 11, what is 3 - -259a3399?
259a33a1
In base 6, what is -341512 + 220031?
-121441
In base 9, what is -30866 + 181?
-30675
In base 4, what is 11 + -1313323333310?
-1313323333233
In base 13, what is -bc62 + 71?
-bbc1
In base 5, what is 20 - 141112201?
-141112131
In base 2, what is 11 + 1010011111111100011110?
1010011111111100100001
In base 4, what is 1311112 + -21100?
1230012
In base 13, what is -c + 324304?
3242c5
In base 15, what is a88ba + 20?
a88da
In base 16, what is 4fea + 125?
510f
In base 8, what is 152435563 - 3?
152435560
In base 6, what is 305545304 + 435?
305550143
In base 6, what is -2245 - -14253515?
14251230
In base 8, what is -45 + -43501371?
-43501436
In base 11, what is -36a0a3 - -26?
-36a078
In base 3, what is -122200220 - 2012101?
-201220021
In base 11, what is 4 + 317a0a26?
317a0a2a
In base 7, what is 1 + 42552555?
42552556
In base 5, what is 332110403 + -2003?
332103400
In base 2, what is 100000011010010000 - -1010001?
100000011011100001
In base 10, what is -21 - -443134?
443113
In base 12, what is 3730a18 - 6?
3730a12
In base 7, what is 42 + -122166156?
-122166114
In base 9, what is 141 - -104857?
105108
In base 13, what is -40616 + 2?
-40614
In base 13, what is 17a0 + 7453?
8c23
In base 10, what is -65254 - 227?
-65481
In base 3, what is 2 - 12122010022011?
-12122010022002
In base 8, what is -2437 - 10660?
-13317
In base 4, what is -30111122112 + -2110?
-30111130222
In base 4, what is -1 - -31303132220?
31303132213
In base 2, what is 101 + -100001010000111011111011?
-100001010000111011110110
In base 6, what is 4 - -3025502531?
3025502535
In base 13, what is -19 - -14a89?
14a70
In base 9, what is 5 + 101126?
101132
In base 5, what is 1300034 - -31003?
1331042
In base 5, what is 2100101040 - -1?
2100101041
In base 15, what is -260 - -41c11?
419a1
In base 2, what is 1111010101010 + -11100111010011001?
-11010111111101111
In base 4, what is -303203221 - 1011?
-303210232
In base 6, what is 11 + -301334155?
-301334144
In base 3, what is -101200201100122 - -12?
-101200201100110
In base 4, what is 333012103120 - 20?
333012103100
In base 11, what is 2a20 + -2631?
39a
In base 9, what is 5280 - -3286?
8576
In base 14, what is -4718c47 - -6?
-4718c41
In base 9, what is 245871 - 1?
245870
In base 11, what is -33 - -a8790a?
a87887
In base 2, what is -10100110011 + 10011000011100?
10000011101001
In base 13, what is -13a8 + 207a?
9a2
In base 6, what is -25455442430 + 5?
-25455442421
In base 14, what is -39428 - 472?
-3989a
In base 11, what is 27a743a7 + 5?
27a74401
In base 11, what is -3043 - 1861a?
-20662
In base 7, what is -4 - 33132141?
-33132145
In base 2, what is 101001111 + 11110001011?
100011011010
In base 6, what is -224335 - -112?
-224223
In base 11, what is -7 + -9301245?
-9301251
In base 12, what is 156a - -10b?
1679
In base 7, what is 11 - 16345412?
-16345401
In base 3, what is 100211202121 - 2112?
100211200002
In base 15, what is 8d - -8a?
128
In base 12, what is -133 + 10375?
10242
In base 13, what is -4 + 478b2c?
478b28
In base 8, what is 273 + 11170477?
11170772
In base 4, what is -22131200310020 - 11?
-22131200310031
In base 4, what is -32220103032322 + -10?
-32220103032332
In base 6, what is -1034535 - -42453?
-552042
In base 6, what is 110332110 - 11?
110332055
In base 11, what is -169 + 746501?
746343
In base 9, what is 1202185037 + -3?
1202185034
In base 11, what is 179 + -349a05?
-349837
In base 2, what is 110101000110111 - 110011110101?
101110101000010
In base 13, what is 2 + 3898727?
3898729
In base 14, what is 860b13 + 2?
860b15
In base 7, what is 2 - -11643431?
11643433
In base 16, what is -5 + -5f4a3?
-5f4a8
In base 4, what is 131030 - 11100?
113330
In base 13, what is -4 - 17b49b3?
-17b49b7
In base 6, what is -22530202 - 15104?
-22545310
In base 7, what is -10504633 - 5?
-10504641
In base 14, what is 160458c + -7a?
1604512
In base 6, what is 24441143 - 1353?
24435350
In base 2, what is -100010110110111 - -10010101011?
-100000100001100
In base 8, what is -11 - 734445?
-734456
In base 16, what is -3 - -9d249a?
9d2497
In base 5, what is 210001 + -444210?
-234204
In base 10, what is 7 - -1140149?
1140156
In base 11, what is 6a67 - -30606?
37572
In base 6, what is 320 + 30545302?
30550022
In base 15, what is -e8 + -ec36e?
-ec467
In base 9, what is 24283 - 1517?
22665
In base 10, what is -78834719 + 5?
-78834714
In base 9, what is 2 + -1831240?
-1831237
In base 6, what is 2130032 - 24?
2130004
In base 13, what is -10234 - 226?
-1045a
In base 8, what is 250731 + -3565?
245144
In base 14, what is -36a + -58832?
-58b9c
In base 7, what is 3362443361 + 1?
3362443362
In base 6, what is 213123 - 33531?
135152
In base 7, what is -3315023466 - -2?
-3315023464
In base 2, what is 10011100001010 - -101010100110?
11000110110000
In base 10, what is 2549828 + 6?
2549834
In base 12, what is -3 + -466136b?
-4661372
In base 7, what is 16012 + 2411?
21423
In base 11, what is 153 - 38993?
-38840
In base 7, what is -104 + 34244034?
34243630
In base 8, what is 301423150 + -2?
301423146
In base 9, what is 1 - 204270368?
-204270367
In base 15, what is -17 + 2d7486?
2d746e
In base 8, what is 4 + -54612175?
-54612171
In base 15, what is 7761e - 17?
77607
In base 4, what is -320220110 + -22?
-320220132
In base 9, what is 5 - 138353472?
-138353466
In base 6, what is 3 + 501255250?
501255253
In base 4, what is -10 - -22030201332212?
22030201332202
In base 4, what is -2320221 - -20123?
-2300032
In base 3, what is 12 + 2211021202012100?
22